2997 a prime number?
True
Is 60021359 prime?
True
Is 53513658847 composite?
True
Is 149765807 a prime number?
True
Is 2157575207 a composite number?
False
Is 268690657 a composite number?
True
Is 2355503309 prime?
True
Is 1585929197 prime?
True
Is 267437967 prime?
False
Is 5395538639 prime?
False
Is 41501243711 a prime number?
True
Is 7360628323 a prime number?
True
Is 11024178029 a composite number?
False
Is 2142773683 composite?
False
Is 5822825011 prime?
False
Is 4102670221 composite?
True
Is 4797650833 prime?
True
Is 11809320871 a composite number?
False
Is 9077371882 prime?
False
Is 1080236629 a prime number?
True
Is 6169196017 a composite number?
True
Is 279745787 a composite number?
False
Is 389924894219 a prime number?
False
Is 72642968669 composite?
True
Is 71835737 a composite number?
False
Is 1892223361 a composite number?
True
Is 323537639 a prime number?
True
Is 3251779769 composite?
True
Is 8048061821 a prime number?
False
Is 8611295543 composite?
True
Is 1366846729 prime?
True
Is 6855673633 a composite number?
False
Is 13066643 prime?
False
Is 28489897823 composite?
True
Is 21359716471 composite?
False
Is 165024361 a prime number?
True
Is 16048278787 composite?
False
Is 71276070929 a composite number?
True
Is 260360094539 prime?
True
Is 33208518229 prime?
True
Is 129950137951 prime?
True
Is 202042033 a prime number?
False
Is 4709602171 a prime number?
False
Is 10605284263 a composite number?
True
Is 4685080217 a composite number?
False
Is 5587984967 composite?
False
Is 38897611 a prime number?
False
Is 1240982573 prime?
True
Is 194839719895 composite?
True
Is 261877363531 a prime number?
False
Is 4282685021 composite?
False
Is 20644446167 composite?
True
Is 2639218963 a prime number?
False
Is 1522712059 prime?
False
Is 7930361938 a prime number?
False
Is 47930429179 prime?
False
Is 35374294427 composite?
True
Is 117106161026 a prime number?
False
Is 178446221 a composite number?
False
Is 270745308503 prime?
True
Is 23139548983 composite?
False
Is 3203848777 a composite number?
False
Is 78182330041 a prime number?
True
Is 4017689741 composite?
True
Is 33422799593 prime?
True
Is 639808109 a composite number?
True
Is 356327646109 a composite number?
False
Is 1626359729 composite?
False
Is 14455296533 a prime number?
False
Is 24058610083 a composite number?
False
Is 38354231177 a prime number?
False
Is 6242703729 prime?
False
Is 20131368071 a composite number?
False
Is 4244010473 prime?
True
Is 9941077 prime?
True
Is 2220090373 a composite number?
False
Is 42210010939 prime?
True
Is 19872024037 prime?
True
Is 14439165907 composite?
False
Is 2499850931 a prime number?
True
Is 6279866441 a composite number?
False
Is 7814442611 prime?
True
Is 51617442991 a prime number?
False
Is 249782002331 composite?
False
Is 3258987343 a prime number?
False
Is 31866781591 a composite number?
False
Is 11966180789 a prime number?
True
Is 2266703627 composite?
False
Is 17141432927 prime?
False
Is 56641376617 composite?
True
Is 77817655 a composite number?
True
Is 1356703431 prime?
False
Is 102538686993 prime?
False
Is 103512153617 composite?
False
Is 14961372181 prime?
False
Is 147176951 a prime number?
False
Is 481085359 composite?
True
Is 1011385159 a prime number?
True
Is 33531700291 a composite number?
False
Is 238077488599 prime?
True
Is 3629279551 composite?
False
Is 3104334689 a prime number?
False
Is 12391328239 prime?
True
Is 17497842343 prime?
True
Is 118890573 composite?
True
Is 1697218207 a composite number?
False
Is 4192883359 composite?
True
Is 5235880301 a composite number?
True
Is 2026361759 composite?
True
Is 1983369155 prime?
False
Is 20466413261 composite?
True
Is 24165355939 composite?
False
Is 823616869 a composite number?
False
Is 131790321799 prime?
False
Is 1483248769 prime?
False
Is 91936100891 a prime number?
False
Is 2929088519 a composite number?
True
Is 1430347729 a prime number?
False
Is 1880026131 a prime number?
False
Is 572430653 prime?
True
Is 34129214057 prime?
True
Is 6671459779 prime?
True
Is 347081971 a prime number?
True
Is 6143189317 a composite number?
True
Is 414207967 a composite number?
False
Is 431147359 a composite number?
False
Is 129715399235 composite?
True
Is 2612828729 a prime number?
False
Is 3993181063 a composite number?
False
Is 57760561 prime?
True
Is 2016658897 a composite number?
True
Is 10562064433 a prime number?
True
Is 130667267 prime?
True
Is 6887939051 a prime number?
False
Is 143853109297 a composite number?
False
Is 8755707457 composite?
True
Is 8693374619 prime?
True
Is 49114540477 composite?
False
Is 947890597 prime?
False
Is 566830091 prime?
True
Is 14143466243 a composite number?
False
Is 928011577 prime?
True
Is 6987820109 prime?
False
Is 14064170353 a prime number?
True
Is 18277986931 prime?
False
Is 39666804311 a composite number?
False
Is 25135970527 composite?
False
Is 265381393 a prime number?
True
Is 4197166439 a composite number?
False
Is 16505588291 composite?
True
Is 119907661 composite?
True
Is 1118923109 a composite number?
False
Is 49302839753 a composite number?
True
Is 2131360702 prime?
False
Is 5640130007 a prime number?
True
Is 41637839833 a composite number?
True
Is 537665911 composite?
False
Is 106826701 prime?
False
Is 10059408787 a composite number?
False
Is 106469013311 prime?
True
Is 50748781 composite?
True
Is 8749014913 a prime number?
True
Is 4557762551 a composite number?
False
Is 261829013 prime?
False
Is 1196666129 prime?
True
Is 902007023 composite?
True
Is 1747355327 a composite number?
False
Is 26775307141 composite?
True
Is 386117159 a prime number?
True
Is 13568587447 composite?
True
Is 4032128627 a composite number?
False
Is 33811997273 a composite number?
True
Is 46084527439 a prime number?
False
Is 78736961747 composite?
True
Is 681615653 a prime number?
True
Is 9203865677 prime?
False
Is 6517004993 composite?
True
Is 22792535993 a prime number?
False
Is 11587576891 composite?
True
Is 1925661583 a prime number?
False
Is 15539806771 a prime number?
True
Is 14539522673 a composite number?
True
Is 840619463 a composite number?
True
Is 26105355571 prime?
True
Is 157463793923 a prime number?
True
Is 1047610033 prime?
False
Is 13736141369 prime?
False
Is 13386996709 a composite number?
False
Is 12889469 a composite number?
False
Is 1378519661 a prime number?
True
Is 314402531 composite?
True
Is 1355183363 a composite number?
False
Is 13415657 composite?
True
Is 4416156245 prime?
False
Is 825287873 prime?
True
Is 1971306637 a prime number?
False
Is 1429332353 prime?
False
Is 15439126159 a prime number?
True
Is 5834571679 prime?
False
Is 1510436731 prime?
True
Is 52842877 a composite number?
False
Is 214670769281 composite?
False
Is 239640893 composite?
False
Is 7087049897 composite?
True
Is 34017897539 a composite number?
False
Is 809627095 composite?
True
Is 925222867 a prime number?
True
Is 87767082089 a prime number?
True
Is 390542541 a prime number?
False
Is 101281385213 composite?
True
Is 4755359299 a prime number?
False
Is 589351813 a prime number?
True
Is 25701330469 a prime number?
False
Is 1861350317 prime?
True
Is 24167531 a composite number?
True
Is 30123240311 a prime number?
True
Is 57185951 a prime number?
True
Is 42100927 a prime number?
False
Is 5082034571 a composite number?
False
Is 7462982207 composite?
False
Is 5267707673 composite?
False
Is 127214620387 a composite number?
False
Is 2159606929 a composite number?
True
Is 8150832121 composite?
True
Is 7410663649 prime?
True
Is 51906427897 prime?
True
Is 1082364937 a prime number?
False
Is 12706036373 composite?
True
Is 24230431369 prime?
False
Is 16350569 composite?
False
Is 19733012545 a prime number?
False
Is 1823369803 composite?
False
Is 7442646947 a composite number?
False
Is 19367693143 a prime number?
True
Is 4400818307 composite?
False
Is 24237649523 a prime number?
False
Is 1322865179 a composite number?
False
Is 160504387 composite?
True
Is 37176189793 a composite number?
False
Is 498578783 a composite number?
False
Is 660710293 a composite number?
False
Is 10193038046 a composite number?
True
Is 8482957491 a composite number?
True
Is 34120215199 a prime number?
False
Is 7965560791 composite?
False
Is 7780064437 composite?
False
Is 1342655031 a prime number?
False
Is 548